{"id":112,"date":"2019-07-29T15:49:19","date_gmt":"2019-07-29T18:49:19","guid":{"rendered":"https:\/\/desenvolvimento.rc.sp.gov.br\/?page_id=112"},"modified":"2025-10-22T10:34:43","modified_gmt":"2025-10-22T13:34:43","slug":"cras","status":"publish","type":"page","link":"https:\/\/desenvolvimentosocial.rc.sp.gov.br\/?page_id=112","title":{"rendered":"CRAS"},"content":{"rendered":"\n<figure class=\"wp-block-image aligncenter size-full is-resized\"><img loading=\"lazy\" decoding=\"async\" width=\"850\" height=\"850\" src=\"https:\/\/desenvolvimentosocial.rc.sp.gov.br\/wp-content\/uploads\/2025\/10\/3F9DA1F684E52BE8A9DBB861DBE883B8878EA7C8.png\" alt=\"\" class=\"wp-image-4154\" style=\"width:592px;height:auto\" srcset=\"https:\/\/desenvolvimentosocial.rc.sp.gov.br\/wp-content\/uploads\/2025\/10\/3F9DA1F684E52BE8A9DBB861DBE883B8878EA7C8.png 850w, https:\/\/desenvolvimentosocial.rc.sp.gov.br\/wp-content\/uploads\/2025\/10\/3F9DA1F684E52BE8A9DBB861DBE883B8878EA7C8-300x300.png 300w, https:\/\/desenvolvimentosocial.rc.sp.gov.br\/wp-content\/uploads\/2025\/10\/3F9DA1F684E52BE8A9DBB861DBE883B8878EA7C8-150x150.png 150w, https:\/\/desenvolvimentosocial.rc.sp.gov.br\/wp-content\/uploads\/2025\/10\/3F9DA1F684E52BE8A9DBB861DBE883B8878EA7C8-768x768.png 768w\" sizes=\"auto, (max-width: 850px) 100vw, 850px\" \/><\/figure>\n\n\n\n<p class=\"has-text-align-center\"><strong>O que \u00e9 ?<\/strong><\/p>\n\n\n\n<p>O Centro de Refer\u00eancia de Assist\u00eancia Social (Cras) \u00e9 a porta de entrada da Assist\u00eancia Social. \u00c9 um local p\u00fablico, localizado prioritariamente em \u00e1reas de maior vulnerabilidade social, onde s\u00e3o oferecidos os servi\u00e7os de Assist\u00eancia Social, com o objetivo de fortalecer a conviv\u00eancia com a fam\u00edlia e com a comunidade.<\/p>\n\n\n\n<p>A partir do adequado conhecimento do territ\u00f3rio, o Cras promove a organiza\u00e7\u00e3o e articula\u00e7\u00e3o das unidades da rede socioassistencial e de outras pol\u00edticas. Assim, possibilita o acesso da popula\u00e7\u00e3o aos servi\u00e7os, benef\u00edcios e projetos de assist\u00eancia social, se tornando uma refer\u00eancia para a popula\u00e7\u00e3o local e para os servi\u00e7os setoriais.<\/p>\n\n\n\n<p>Conhecendo o territ\u00f3rio, a equipe do Cras pode apoiar a\u00e7\u00f5es comunit\u00e1rias, por meio de palestras, campanhas e eventos, atuando junto \u00e0 comunidade na constru\u00e7\u00e3o de solu\u00e7\u00f5es para o enfrentamento de problemas comuns, como falta de acessibilidade, viol\u00eancia no bairro, trabalho infantil, falta de transporte, baixa qualidade na oferta de servi\u00e7os, aus\u00eancia de espa\u00e7os de lazer, cultural, entre outros.<\/p>\n\n\n\n<p>Hor\u00e1rio de Funcionamento dos CRAS:<\/p>\n\n\n\n<p>De segunda a sexta feira das 8 \u00e1s 17 horas<\/p>\n\n\n\n<p class=\"has-text-align-center\"><strong>Servi\u00e7os ofertados<\/strong><\/p>\n\n\n\n<p>O Cras oferta o Servi\u00e7o de Prote\u00e7\u00e3o e Atendimento Integral \u00e0 Fam\u00edlia (Paif) e o Servi\u00e7o de Conviv\u00eancia e Fortalecimento de V\u00ednculos (SCFV).<br>No Cras, os cidad\u00e3os tamb\u00e9m s\u00e3o orientados sobre os benef\u00edcios, programas e projetos assistenciais e podem ser encaminhados para inscri\u00e7\u00e3o no Cadastro \u00danico para Programas Sociais.<\/p>\n\n\n\n<p class=\"has-text-align-center\"><strong>Servi\u00e7o de Prote\u00e7\u00e3o e Atendimento Integral a Fam\u00edlia \u2013 PAIF<\/strong><\/p>\n\n\n\n<p>O PAIF consiste no trabalho social com fam\u00edlias, de car\u00e1ter continuado, com a finalidade de fortalecer a fun\u00e7\u00e3o protetiva das fam\u00edlias, prevenir a ruptura dos seus v\u00ednculos, promover seu acesso a direitos e o usufruto deles e contribuir na melhoria de sua qualidade de vida. O trabalho social continuado do PAIF deve utilizar a\u00e7\u00f5es nas \u00e1reas culturais para o cumprimento de seus objetivos, de modo a ampliar o universo informacional e proporcionar novas viv\u00eancias \u00e0s fam\u00edlias usu\u00e1rias do servi\u00e7o. Os termos \u201cfortalecer\u201d, \u201cprevenir\u201d e \u201cpromover\u201d, presentes na descri\u00e7\u00e3o do PAIF, apontam para seu car\u00e1ter antecipador \u00e0 ocorr\u00eancia de situa\u00e7\u00f5es de vulnerabilidade e risco social, de modo a ofertar \u00e0s fam\u00edlias uma forma de atendimento que, como a pr\u00f3pria denomina\u00e7\u00e3o traz, proteja as fam\u00edlias. Prote\u00e7\u00e3o que, al\u00e9m do enfrentamento das vulnerabilidades e riscos sociais, atua tamb\u00e9m no \u201cdesenvolvimento de potencialidades\u201d, a partir do reconhecimento de que ningu\u00e9m est\u00e1 desprovido de tudo: uma fam\u00edlia que est\u00e1 sobrevivendo na vulnerabilidade det\u00e9m ativos importantes. Nessa dire\u00e7\u00e3o, \u00e9 preciso identificar e fortalecer os recursos dispon\u00edveis das fam\u00edlias, suas formas de organiza\u00e7\u00e3o, participa\u00e7\u00e3o social, sociabilidade e redes sociais de apoio, entre outros, bem como dos territ\u00f3rios onde vivem. Como j\u00e1 se sabe, um dos objetivos do PAIF \u00e9 o fortalecimento da fun\u00e7\u00e3o protetiva da fam\u00edlia, compreendendo-a como o lugar do cuidado, prote\u00e7\u00e3o, aprendizado dos afetos, constru\u00e7\u00e3o de identidade e v\u00ednculos relacionais e de pertencimento, mas sem perder de vista que ela pode tamb\u00e9m configurar um espa\u00e7o de reprodu\u00e7\u00e3o de desigualdades e de viol\u00eancia. Visando materializar seus objetivos, o PAIF desenvolve a\u00e7\u00f5es individuais e coletivas (acolhida, a\u00e7\u00f5es particularizadas, encaminhamentos, oficinas com fam\u00edlias e a\u00e7\u00f5es comunit\u00e1rias), que precisam ser implementadas de forma articulada e requerem planejamento e avalia\u00e7\u00e3o. Considerando a dimens\u00e3o inovadora da prote\u00e7\u00e3o social b\u00e1sica, destacamos a relev\u00e2ncia das a\u00e7\u00f5es de car\u00e1ter coletivo.<br>As a\u00e7\u00f5es coletivas visam promover o di\u00e1logo, a troca de experi\u00eancias e valores, bem como a discuss\u00e3o de situa\u00e7\u00f5es externas que afetam a fam\u00edlia e a comunidade.<br>P\u00fablico Alvo do PAIF<br>Fam\u00edlias e indiv\u00edduos em situa\u00e7\u00e3o de vulnerabilidade social e desprote\u00e7\u00e3o inseridas no Cadastro \u00danico, benefici\u00e1rias de Programas sociais.<\/p>\n\n\n\n<p class=\"has-text-align-center\"><strong>Servi\u00e7o de Conviv\u00eancia e Fortalecimento de V\u00ednculos Familiares e Comunit\u00e1rios<\/strong><\/p>\n\n\n\n<p>Servi\u00e7o realizado em grupos de modo a garantir aquisi\u00e7\u00f5es progressivas aos seus usu\u00e1rios, de acordo com o seu ciclo de vida, a fim de complementar o trabalho social com fam\u00edlias e prevenir a ocorr\u00eancia de situa\u00e7\u00f5es de risco social. Forma de interven\u00e7\u00e3o social planejada que cria situa\u00e7\u00f5es desafiadoras, estimula e orienta os usu\u00e1rios na constru\u00e7\u00e3o e reconstru\u00e7\u00e3o de suas hist\u00f3rias e viv\u00eancias individuais e coletivas, na fam\u00edlia e no territ\u00f3rio.<\/p>\n\n\n\n<p>Organiza-se de modo a ampliar trocas culturais e de viv\u00eancias, desenvolver o sentimento de perten\u00e7a e de identidade, fortalecer v\u00ednculos familiares e incentivar a socializa\u00e7\u00e3o e a conviv\u00eancia comunit\u00e1ria. Possui car\u00e1ter preventivo e proativo, pautado na defesa e afirma\u00e7\u00e3o dos direitos e no desenvolvimento de capacidades e potencialidades, com vistas ao alcance de alternativas emancipat\u00f3rias para o enfrentamento da vulnerabilidade social.<\/p>\n\n\n\n<p>O Servi\u00e7o de Conviv\u00eancia se divide por faixas et\u00e1rias, tendo a oferta no Munic\u00edpio das seguintes faixas:<br>Servi\u00e7o de Conviv\u00eancia e Fortalecimento de V\u00ednculos Familiares e Comunit\u00e1rios para Crian\u00e7as e Adolescentes de 06 a 15 anos<br>Servi\u00e7o de Conviv\u00eancia e Fortalecimento de V\u00ednculos Familiares e Comunit\u00e1rios para Adolescentes de 15 a 17 anos<br>Servi\u00e7o de Conviv\u00eancia e Fortalecimento de V\u00ednculos Familiares e Comunit\u00e1rios para Adultos de 30 a 59 anos<br>Servi\u00e7o de Conviv\u00eancia e Fortalecimento de V\u00ednculos Familiares e Comunit\u00e1rios para Pessoas Idosas de 60 anos ou mais<\/p>\n\n\n\n<p><strong>P\u00fablico Priorit\u00e1rio<\/strong><br>Em situa\u00e7\u00e3o de isolamento social<br>Em situa\u00e7\u00e3o de viv\u00eancia de viol\u00eancia e\/ou neglig\u00eancia;<br>Em situa\u00e7\u00e3o de trabalho infantil;<br>Em situa\u00e7\u00e3o de abuso e\/ou explora\u00e7\u00e3o sexual;<br>Em situa\u00e7\u00e3o de acolhimento;<br>Com medidas de prote\u00e7\u00e3o do ECA;<br>Em situa\u00e7\u00e3o de rua;<br>Vulnerabilidade que diz respeito \u00e0s pessoas com defici\u00eancia.<\/p>\n\n\n\n<p class=\"has-text-align-center\"><strong>Como acessar os servi\u00e7os do CRAS?<\/strong><br><strong>Servi\u00e7o de Prote\u00e7\u00e3o e Atendimento Integral a Fam\u00edlia.<\/strong><\/p>\n\n\n\n<p>Para saber mais sobre como participar do acompanhamento EM GRUPO OU INDIVIDUAL pelo PAIF no CRAS, v\u00e1 at\u00e9 seu CRAS de refer\u00eancia de acordo com o seu endere\u00e7o ou ligue para agendar, e obter um atendimento com a equipe t\u00e9cnica. IMPORTANTE levar documentos originais CPF, RG, Comprovante de endere\u00e7o, de todos que moram na casa.<\/p>\n\n\n\n<p class=\"has-text-align-center\"><strong>Servi\u00e7o de Conviv\u00eancia e Fortalecimento de V\u00ednculos Familiares e Comunit\u00e1rios.<\/strong><\/p>\n\n\n\n<p>Para saber mais sobre como participar do servi\u00e7o de conviv\u00eancia, v\u00e1 at\u00e9 seu CRAS de refer\u00eancia de acordo com o seu endere\u00e7o ou ligue para agendar, e obter um atendimento com a equipe t\u00e9cnica. IMPORTANTE levar documentos originais CPF, RG, Comprovante de endere\u00e7o, de todos que moram na casa.<\/p>\n","protected":false},"excerpt":{"rendered":"<p>O que \u00e9 ? O Centro de Refer\u00eancia de Assist\u00eancia Social (Cras) \u00e9 a porta de entrada da Assist\u00eancia Social. [&hellip;]<\/p>\n","protected":false},"author":1,"featured_media":0,"parent":0,"menu_order":0,"comment_status":"closed","ping_status":"closed","template":"","meta":{"site-sidebar-layout":"default","site-content-layout":"","ast-site-content-layout":"default","site-content-style":"default","site-sidebar-style":"default","ast-global-header-display":"","ast-banner-title-visibility":"","ast-main-header-display":"","ast-hfb-above-header-display":"","ast-hfb-below-header-display":"","ast-hfb-mobile-header-display":"","site-post-title":"","ast-breadcrumbs-content":"","ast-featured-img":"","footer-sml-layout":"","theme-transparent-header-meta":"","adv-header-id-meta":"","stick-header-meta":"","header-above-stick-meta":"","header-main-stick-meta":"","header-below-stick-meta":"","astra-migrate-meta-layouts":"default","ast-page-background-enabled":"default","ast-page-background-meta":{"desktop":{"background-color":"var(--ast-global-color-5)","background-image":"","background-repeat":"repeat","background-position":"center center","background-size":"auto","background-attachment":"scroll","background-type":"","background-media":"","overlay-type":"","overlay-color":"","overlay-opacity":"","overlay-gradient":""},"tablet":{"background-color":"","background-image":"","background-repeat":"repeat","background-position":"center center","background-size":"auto","background-attachment":"scroll","background-type":"","background-media":"","overlay-type":"","overlay-color":"","overlay-opacity":"","overlay-gradient":""},"mobile":{"background-color":"","background-image":"","background-repeat":"repeat","background-position":"center center","background-size":"auto","background-attachment":"scroll","background-type":"","background-media":"","overlay-type":"","overlay-color":"","overlay-opacity":"","overlay-gradient":""}},"ast-content-background-meta":{"desktop":{"background-color":"var(--ast-global-color-4)","background-image":"","background-repeat":"repeat","background-position":"center center","background-size":"auto","background-attachment":"scroll","background-type":"","background-media":"","overlay-type":"","overlay-color":"","overlay-opacity":"","overlay-gradient":""},"tablet":{"background-color":"var(--ast-global-color-4)","background-image":"","background-repeat":"repeat","background-position":"center center","background-size":"auto","background-attachment":"scroll","background-type":"","background-media":"","overlay-type":"","overlay-color":"","overlay-opacity":"","overlay-gradient":""},"mobile":{"background-color":"var(--ast-global-color-4)","background-image":"","background-repeat":"repeat","background-position":"center center","background-size":"auto","background-attachment":"scroll","background-type":"","background-media":"","overlay-type":"","overlay-color":"","overlay-opacity":"","overlay-gradient":""}},"footnotes":""},"class_list":["post-112","page","type-page","status-publish","hentry"],"_links":{"self":[{"href":"https:\/\/desenvolvimentosocial.rc.sp.gov.br\/index.php?rest_route=\/wp\/v2\/pages\/112","targetHints":{"allow":["GET"]}}],"collection":[{"href":"https:\/\/desenvolvimentosocial.rc.sp.gov.br\/index.php?rest_route=\/wp\/v2\/pages"}],"about":[{"href":"https:\/\/desenvolvimentosocial.rc.sp.gov.br\/index.php?rest_route=\/wp\/v2\/types\/page"}],"author":[{"embeddable":true,"href":"https:\/\/desenvolvimentosocial.rc.sp.gov.br\/index.php?rest_route=\/wp\/v2\/users\/1"}],"replies":[{"embeddable":true,"href":"https:\/\/desenvolvimentosocial.rc.sp.gov.br\/index.php?rest_route=%2Fwp%2Fv2%2Fcomments&post=112"}],"version-history":[{"count":31,"href":"https:\/\/desenvolvimentosocial.rc.sp.gov.br\/index.php?rest_route=\/wp\/v2\/pages\/112\/revisions"}],"predecessor-version":[{"id":4157,"href":"https:\/\/desenvolvimentosocial.rc.sp.gov.br\/index.php?rest_route=\/wp\/v2\/pages\/112\/revisions\/4157"}],"wp:attachment":[{"href":"https:\/\/desenvolvimentosocial.rc.sp.gov.br\/index.php?rest_route=%2Fwp%2Fv2%2Fmedia&parent=112"}],"curies":[{"name":"wp","href":"https:\/\/api.w.org\/{rel}","templated":true}]}}

<figure class="wp-block-image aligncenter size-full is-resized"><img loading="lazy" decoding="async" width="850" height="850" src="https://desenvolvimentosocial.rc.sp.gov.br/wp-content/uploads/2025/10/3F9DA1F684E52BE8A9DBB861DBE883B8878EA7C8.png" alt="" class="wp-image-4154" style="width:592px;height:auto" srcset="https://desenvolvimentosocial.rc.sp.gov.br/wp-content/uploads/2025/10/3F9DA1F684E52BE8A9DBB861DBE883B8878EA7C8.png 850w, https://desenvolvimentosocial.rc.sp.gov.br/wp-content/uploads/2025/10/3F9DA1F684E52BE8A9DBB861DBE883B8878EA7C8-300x300.png 300w, https://desenvolvimentosocial.rc.sp.gov.br/wp-content/uploads/2025/10/3F9DA1F684E52BE8A9DBB861DBE883B8878EA7C8-150x150.png 150w, https://desenvolvimentosocial.rc.sp.gov.br/wp-content/uploads/2025/10/3F9DA1F684E52BE8A9DBB861DBE883B8878EA7C8-768x768.png 768w" sizes="auto, (max-width: 850px) 100vw, 850px" /></figure>



<p class="has-text-align-center"><strong>O que é ?</strong></p>



<p>O Centro de Referência de Assistência Social (Cras) é a porta de entrada da Assistência Social. É um local público, localizado prioritariamente em áreas de maior vulnerabilidade social, onde são oferecidos os serviços de Assistência Social, com o objetivo de fortalecer a convivência com a família e com a comunidade.</p>



<p>A partir do adequado conhecimento do território, o Cras promove a organização e articulação das unidades da rede socioassistencial e de outras políticas. Assim, possibilita o acesso da população aos serviços, benefícios e projetos de assistência social, se tornando uma referência para a população local e para os serviços setoriais.</p>



<p>Conhecendo o território, a equipe do Cras pode apoiar ações comunitárias, por meio de palestras, campanhas e eventos, atuando junto à comunidade na construção de soluções para o enfrentamento de problemas comuns, como falta de acessibilidade, violência no bairro, trabalho infantil, falta de transporte, baixa qualidade na oferta de serviços, ausência de espaços de lazer, cultural, entre outros.</p>



<p>Horário de Funcionamento dos CRAS:</p>



<p>De segunda a sexta feira das 8 ás 17 horas</p>



<p class="has-text-align-center"><strong>Serviços ofertados</strong></p>



<p>O Cras oferta o Serviço de Proteção e Atendimento Integral à Família (Paif) e o Serviço de Convivência e Fortalecimento de Vínculos (SCFV).<br>No Cras, os cidadãos também são orientados sobre os benefícios, programas e projetos assistenciais e podem ser encaminhados para inscrição no Cadastro Único para Programas Sociais.</p>



<p class="has-text-align-center"><strong>Serviço de Proteção e Atendimento Integral a Família – PAIF</strong></p>



<p>O PAIF consiste no trabalho social com famílias, de caráter continuado, com a finalidade de fortalecer a função protetiva das famílias, prevenir a ruptura dos seus vínculos, promover seu acesso a direitos e o usufruto deles e contribuir na melhoria de sua qualidade de vida. O trabalho social continuado do PAIF deve utilizar ações nas áreas culturais para o cumprimento de seus objetivos, de modo a ampliar o universo informacional e proporcionar novas vivências às famílias usuárias do serviço. Os termos “fortalecer”, “prevenir” e “promover”, presentes na descrição do PAIF, apontam para seu caráter antecipador à ocorrência de situações de vulnerabilidade e risco social, de modo a ofertar às famílias uma forma de atendimento que, como a própria denominação traz, proteja as famílias. Proteção que, além do enfrentamento das vulnerabilidades e riscos sociais, atua também no “desenvolvimento de potencialidades”, a partir do reconhecimento de que ninguém está desprovido de tudo: uma família que está sobrevivendo na vulnerabilidade detém ativos importantes. Nessa direção, é preciso identificar e fortalecer os recursos disponíveis das famílias, suas formas de organização, participação social, sociabilidade e redes sociais de apoio, entre outros, bem como dos territórios onde vivem. Como já se sabe, um dos objetivos do PAIF é o fortalecimento da função protetiva da família, compreendendo-a como o lugar do cuidado, proteção, aprendizado dos afetos, construção de identidade e vínculos relacionais e de pertencimento, mas sem perder de vista que ela pode também configurar um espaço de reprodução de desigualdades e de violência. Visando materializar seus objetivos, o PAIF desenvolve ações individuais e coletivas (acolhida, ações particularizadas, encaminhamentos, oficinas com famílias e ações comunitárias), que precisam ser implementadas de forma articulada e requerem planejamento e avaliação. Considerando a dimensão inovadora da proteção social básica, destacamos a relevância das ações de caráter coletivo.<br>As ações coletivas visam promover o diálogo, a troca de experiências e valores, bem como a discussão de situações externas que afetam a família e a comunidade.<br>Público Alvo do PAIF<br>Famílias e indivíduos em situação de vulnerabilidade social e desproteção inseridas no Cadastro Único, beneficiárias de Programas sociais.</p>



<p class="has-text-align-center"><strong>Serviço de Convivência e Fortalecimento de Vínculos Familiares e Comunitários</strong></p>



<p>Serviço realizado em grupos de modo a garantir aquisições progressivas aos seus usuários, de acordo com o seu ciclo de vida, a fim de complementar o trabalho social com famílias e prevenir a ocorrência de situações de risco social. Forma de intervenção social planejada que cria situações desafiadoras, estimula e orienta os usuários na construção e reconstrução de suas histórias e vivências individuais e coletivas, na família e no território.</p>



<p>Organiza-se de modo a ampliar trocas culturais e de vivências, desenvolver o sentimento de pertença e de identidade, fortalecer vínculos familiares e incentivar a socialização e a convivência comunitária. Possui caráter preventivo e proativo, pautado na defesa e afirmação dos direitos e no desenvolvimento de capacidades e potencialidades, com vistas ao alcance de alternativas emancipatórias para o enfrentamento da vulnerabilidade social.</p>



<p>O Serviço de Convivência se divide por faixas etárias, tendo a oferta no Município das seguintes faixas:<br>Serviço de Convivência e Fortalecimento de Vínculos Familiares e Comunitários para Crianças e Adolescentes de 06 a 15 anos<br>Serviço de Convivência e Fortalecimento de Vínculos Familiares e Comunitários para Adolescentes de 15 a 17 anos<br>Serviço de Convivência e Fortalecimento de Vínculos Familiares e Comunitários para Adultos de 30 a 59 anos<br>Serviço de Convivência e Fortalecimento de Vínculos Familiares e Comunitários para Pessoas Idosas de 60 anos ou mais</p>



<p><strong>Público Prioritário</strong><br>Em situação de isolamento social<br>Em situação de vivência de violência e/ou negligência;<br>Em situação de trabalho infantil;<br>Em situação de abuso e/ou exploração sexual;<br>Em situação de acolhimento;<br>Com medidas de proteção do ECA;<br>Em situação de rua;<br>Vulnerabilidade que diz respeito às pessoas com deficiência.</p>



<p class="has-text-align-center"><strong>Como acessar os serviços do CRAS?</strong><br><strong>Serviço de Proteção e Atendimento Integral a Família.</strong></p>



<p>Para saber mais sobre como participar do acompanhamento EM GRUPO OU INDIVIDUAL pelo PAIF no CRAS, vá até seu CRAS de referência de acordo com o seu endereço ou ligue para agendar, e obter um atendimento com a equipe técnica. IMPORTANTE levar documentos originais CPF, RG, Comprovante de endereço, de todos que moram na casa.</p>



<p class="has-text-align-center"><strong>Serviço de Convivência e Fortalecimento de Vínculos Familiares e Comunitários.</strong></p>



<p>Para saber mais sobre como participar do serviço de convivência, vá até seu CRAS de referência de acordo com o seu endereço ou ligue para agendar, e obter um atendimento com a equipe técnica. IMPORTANTE levar documentos originais CPF, RG, Comprovante de endereço, de todos que moram na casa.</p>

<p>O que é ? O Centro de Referência de Assistência Social (Cras) é a porta de entrada da Assistência Social. [&hellip;]</p>
