{"id":1581,"date":"2024-10-16T14:33:38","date_gmt":"2024-10-16T17:33:38","guid":{"rendered":"https:\/\/desenvolvimentosocial.rc.sp.gov.br\/?page_id=1581"},"modified":"2025-04-25T11:16:23","modified_gmt":"2025-04-25T14:16:23","slug":"servico-de-acolhimento-para-pessoas-com-deficiencia-em-residencias-inclusivas","status":"publish","type":"page","link":"https:\/\/desenvolvimentosocial.rc.sp.gov.br\/?page_id=1581","title":{"rendered":"Servi\u00e7o de Acolhimento para Pessoas com Defici\u00eancia em Resid\u00eancias Inclusivas"},"content":{"rendered":"\n<figure class=\"wp-block-image aligncenter\"><img loading=\"lazy\" decoding=\"async\" width=\"1024\" height=\"557\" src=\"https:\/\/desenvolvimentosocial.rc.sp.gov.br\/wp-content\/uploads\/2024\/10\/idoso-inclu-1024x557.png\" alt=\"\" class=\"wp-image-1582\" srcset=\"https:\/\/desenvolvimentosocial.rc.sp.gov.br\/wp-content\/uploads\/2024\/10\/idoso-inclu-1024x557.png 1024w, https:\/\/desenvolvimentosocial.rc.sp.gov.br\/wp-content\/uploads\/2024\/10\/idoso-inclu-300x163.png 300w, https:\/\/desenvolvimentosocial.rc.sp.gov.br\/wp-content\/uploads\/2024\/10\/idoso-inclu-768x418.png 768w, https:\/\/desenvolvimentosocial.rc.sp.gov.br\/wp-content\/uploads\/2024\/10\/idoso-inclu.png 1115w\" sizes=\"auto, (max-width: 1024px) 100vw, 1024px\" \/><\/figure>\n\n\n\n<p>Este servi\u00e7o \u00e9 oferecido no Munic\u00edpio em parceria com a APAE \u2013 Associa\u00e7\u00e3o de Pais e Amigos dos Excepcionais.<\/p>\n\n\n\n<h5 class=\"wp-block-heading has-text-align-center\"><strong>O que \u00e9<\/strong> ?<\/h5>\n\n\n\n<p>O servi\u00e7o voltado para o acolhimento de pessoas com defici\u00eancia em situa\u00e7\u00e3o de depend\u00eancia \u00e9 o Servi\u00e7o de Acolhimento Institucional em Resid\u00eancias Inclusivas. Essas unidades funcionam 24 horas e recebem pessoas com defici\u00eancia que n\u00e3o t\u00eam condi\u00e7\u00f5es de se sustentar e est\u00e3o afastadas de suas fam\u00edlias.<br>\nCada Resid\u00eancia tem capacidade para no m\u00e1ximo 10 pessoas com defici\u00eancia e recebe jovens e adultos entre 18 e 59 anos. S\u00e3o casas adaptadas \u00e0s necessidades de seus moradores e contam com uma equipe t\u00e9cnica especializada. <br>\nO servi\u00e7o tem como objetivo integrar essas pessoas \u00e0 vida em comunidade, dando \u00e0 pessoa com defici\u00eancia oportunidades para acesso \u00e0 vida independente, com autonomia e liberdade, e garantindo tamb\u00e9m \u00e0queles que possuem limita\u00e7\u00f5es severas o cuidado por uma equipe de profissionais habilitados e capacitados.<\/p>\n\n\n\n<h5 class=\"wp-block-heading has-text-align-center\"><strong>Como acessar este servi\u00e7o<\/strong><\/h5>\n\n\n\n<p>O acesso ao Acolhimento Institucional para Pessoas com Defici\u00eancia em Resid\u00eancia Inclusiva pode ser feito por requisi\u00e7\u00e3o de servi\u00e7os da Assist\u00eancia Social, do Centro de Refer\u00eancia Especializado de Assist\u00eancia Social (CREAS), do Minist\u00e9rio P\u00fablico ou do Poder Judici\u00e1rio. <\/p>\n\n\n\n<p>Para mais informa\u00e7\u00f5es, procure atendimento diretamente no Centro de Refer\u00eancia Especializado de Assist\u00eancia Social (CREAS) localizado na R. 6, 640 &#8211; Centro, Rio Claro &#8211; SP, 13500-350 Telefone: (19) 3523-6513<\/p>\n","protected":false},"excerpt":{"rendered":"<p>Este servi\u00e7o \u00e9 oferecido no Munic\u00edpio em parceria com a APAE \u2013 Associa\u00e7\u00e3o de Pais e Amigos dos Excepcionais. O [&hellip;]<\/p>\n","protected":false},"author":2,"featured_media":0,"parent":0,"menu_order":0,"comment_status":"closed","ping_status":"closed","template":"","meta":{"site-sidebar-layout":"default","site-content-layout":"","ast-site-content-layout":"default","site-content-style":"default","site-sidebar-style":"default","ast-global-header-display":"","ast-banner-title-visibility":"","ast-main-header-display":"","ast-hfb-above-header-display":"","ast-hfb-below-header-display":"","ast-hfb-mobile-header-display":"","site-post-title":"","ast-breadcrumbs-content":"","ast-featured-img":"","footer-sml-layout":"","theme-transparent-header-meta":"","adv-header-id-meta":"","stick-header-meta":"","header-above-stick-meta":"","header-main-stick-meta":"","header-below-stick-meta":"","astra-migrate-meta-layouts":"default","ast-page-background-enabled":"default","ast-page-background-meta":{"desktop":{"background-color":"var(--ast-global-color-5)","background-image":"","background-repeat":"repeat","background-position":"center center","background-size":"auto","background-attachment":"scroll","background-type":"","background-media":"","overlay-type":"","overlay-color":"","overlay-opacity":"","overlay-gradient":""},"tablet":{"background-color":"","background-image":"","background-repeat":"repeat","background-position":"center center","background-size":"auto","background-attachment":"scroll","background-type":"","background-media":"","overlay-type":"","overlay-color":"","overlay-opacity":"","overlay-gradient":""},"mobile":{"background-color":"","background-image":"","background-repeat":"repeat","background-position":"center center","background-size":"auto","background-attachment":"scroll","background-type":"","background-media":"","overlay-type":"","overlay-color":"","overlay-opacity":"","overlay-gradient":""}},"ast-content-background-meta":{"desktop":{"background-color":"var(--ast-global-color-4)","background-image":"","background-repeat":"repeat","background-position":"center center","background-size":"auto","background-attachment":"scroll","background-type":"","background-media":"","overlay-type":"","overlay-color":"","overlay-opacity":"","overlay-gradient":""},"tablet":{"background-color":"var(--ast-global-color-4)","background-image":"","background-repeat":"repeat","background-position":"center center","background-size":"auto","background-attachment":"scroll","background-type":"","background-media":"","overlay-type":"","overlay-color":"","overlay-opacity":"","overlay-gradient":""},"mobile":{"background-color":"var(--ast-global-color-4)","background-image":"","background-repeat":"repeat","background-position":"center center","background-size":"auto","background-attachment":"scroll","background-type":"","background-media":"","overlay-type":"","overlay-color":"","overlay-opacity":"","overlay-gradient":""}},"footnotes":""},"class_list":["post-1581","page","type-page","status-publish","hentry"],"_links":{"self":[{"href":"https:\/\/desenvolvimentosocial.rc.sp.gov.br\/index.php?rest_route=\/wp\/v2\/pages\/1581","targetHints":{"allow":["GET"]}}],"collection":[{"href":"https:\/\/desenvolvimentosocial.rc.sp.gov.br\/index.php?rest_route=\/wp\/v2\/pages"}],"about":[{"href":"https:\/\/desenvolvimentosocial.rc.sp.gov.br\/index.php?rest_route=\/wp\/v2\/types\/page"}],"author":[{"embeddable":true,"href":"https:\/\/desenvolvimentosocial.rc.sp.gov.br\/index.php?rest_route=\/wp\/v2\/users\/2"}],"replies":[{"embeddable":true,"href":"https:\/\/desenvolvimentosocial.rc.sp.gov.br\/index.php?rest_route=%2Fwp%2Fv2%2Fcomments&post=1581"}],"version-history":[{"count":3,"href":"https:\/\/desenvolvimentosocial.rc.sp.gov.br\/index.php?rest_route=\/wp\/v2\/pages\/1581\/revisions"}],"predecessor-version":[{"id":2699,"href":"https:\/\/desenvolvimentosocial.rc.sp.gov.br\/index.php?rest_route=\/wp\/v2\/pages\/1581\/revisions\/2699"}],"wp:attachment":[{"href":"https:\/\/desenvolvimentosocial.rc.sp.gov.br\/index.php?rest_route=%2Fwp%2Fv2%2Fmedia&parent=1581"}],"curies":[{"name":"wp","href":"https:\/\/api.w.org\/{rel}","templated":true}]}}