{"id":1718,"date":"2024-10-24T11:32:27","date_gmt":"2024-10-24T13:32:27","guid":{"rendered":"https:\/\/desenvolvimentosocial.rc.sp.gov.br\/?page_id=1718"},"modified":"2024-11-28T17:11:46","modified_gmt":"2024-11-28T19:11:46","slug":"centro-dia-da-pessoa-idosa","status":"publish","type":"page","link":"https:\/\/desenvolvimentosocial.rc.sp.gov.br\/?page_id=1718","title":{"rendered":"Centro Dia da Pessoa Idosa"},"content":{"rendered":"\n<figure class=\"wp-block-image aligncenter\"><img loading=\"lazy\" decoding=\"async\" width=\"970\" height=\"578\" src=\"https:\/\/desenvolvimentosocial.rc.sp.gov.br\/wp-content\/uploads\/2024\/10\/centro-dia.jpg\" alt=\"\" class=\"wp-image-1719\" srcset=\"https:\/\/desenvolvimentosocial.rc.sp.gov.br\/wp-content\/uploads\/2024\/10\/centro-dia.jpg 970w, https:\/\/desenvolvimentosocial.rc.sp.gov.br\/wp-content\/uploads\/2024\/10\/centro-dia-300x179.jpg 300w, https:\/\/desenvolvimentosocial.rc.sp.gov.br\/wp-content\/uploads\/2024\/10\/centro-dia-768x458.jpg 768w\" sizes=\"auto, (max-width: 970px) 100vw, 970px\" \/><\/figure>\n\n\n\n<p><em>Este servi\u00e7o \u00e9 executado no Munic\u00edpio atrav\u00e9s de Parceria com a Organiza\u00e7\u00e3o da Sociedade Civil \u2013 Instituto Viver e Conviver \u2013 IVC<\/em><\/p>\n\n\n\n<p><em><strong> <\/strong><\/em><strong>Unidade Centro Dia da Pessoa Idosa Padre Augusto Casagrande <\/strong><\/p>\n\n\n\n<p>Endere\u00e7o: Avenida 40, 1610, Alto do Santana Telefone: 3557-1756 E-mail: cdidosoaugustocasagrande@gmail.com&nbsp;<\/p>\n\n\n\n<p><strong>Unidade Centro Dia Dr. Jos\u00e9 Edmundo Velasco  <\/strong><\/p>\n\n\n\n<p>Endere\u00e7o: Avenida 13JP com rua 11 JP &#8211; Jd. Esmeralda Telefone: 3532-1491 E-mail: cdi_edjvcastro@hotmail.com <\/p>\n\n\n\n<h5 class=\"wp-block-heading has-text-align-center\"><strong>O que \u00e9?<\/strong><\/h5>\n\n\n\n<p>O Centro Dia \u00e9 uma unidade p\u00fablica destinada ao atendimento especializado a pessoas idosas. <br>Busca-se evitar o isolamento social, o abandono e a necessidade de acolhimento. <br>A equipe do Centro-Dia compartilha, com os cuidadores das fam\u00edlias, os cuidados necess\u00e1rios ao atendimento de pessoas idosas. Com o apoio encontrado no Centro Dia, torna-se mais f\u00e1cil a inclus\u00e3o e a participa\u00e7\u00e3o social.<\/p>\n\n\n\n<h5 class=\"wp-block-heading has-text-align-center\"><strong>Quem pode utilizar este Servi\u00e7o<\/strong><\/h5>\n\n\n\n<p>Pessoas idosas que dependem de cuidados para a realiza\u00e7\u00e3o de suas atividades di\u00e1rias, que tiveram suas limita\u00e7\u00f5es agravadas por viola\u00e7\u00f5es de direitos, tais como: isolamento social, confinamento, falta de cuidados adequados, alto grau de estresse do cuidador familiar. <\/p>\n\n\n\n<h5 class=\"wp-block-heading has-text-align-center\"><strong>Como acessar este Servi\u00e7o<\/strong><\/h5>\n\n\n\n<p>Procurar atendimento diretamente no Centro de Refer\u00eancia Especializado de Assist\u00eancia Social (CREAS) Endere\u00e7o: Rua 6 n\u00ba  Entre Av 09 e 11 \u2013 Centro Telefone: 3523-6420 \/ 3523-6439 E-mail: creas@rioclaro.sp.gov.br<\/p>\n","protected":false},"excerpt":{"rendered":"<p>Este servi\u00e7o \u00e9 executado no Munic\u00edpio atrav\u00e9s de Parceria com a Organiza\u00e7\u00e3o da Sociedade Civil \u2013 Instituto Viver e Conviver [&hellip;]<\/p>\n","protected":false},"author":2,"featured_media":0,"parent":0,"menu_order":0,"comment_status":"closed","ping_status":"closed","template":"","meta":{"site-sidebar-layout":"default","site-content-layout":"","ast-site-content-layout":"default","site-content-style":"default","site-sidebar-style":"default","ast-global-header-display":"","ast-banner-title-visibility":"","ast-main-header-display":"","ast-hfb-above-header-display":"","ast-hfb-below-header-display":"","ast-hfb-mobile-header-display":"","site-post-title":"","ast-breadcrumbs-content":"","ast-featured-img":"","footer-sml-layout":"","theme-transparent-header-meta":"","adv-header-id-meta":"","stick-header-meta":"","header-above-stick-meta":"","header-main-stick-meta":"","header-below-stick-meta":"","astra-migrate-meta-layouts":"default","ast-page-background-enabled":"default","ast-page-background-meta":{"desktop":{"background-color":"var(--ast-global-color-5)","background-image":"","background-repeat":"repeat","background-position":"center center","background-size":"auto","background-attachment":"scroll","background-type":"","background-media":"","overlay-type":"","overlay-color":"","overlay-opacity":"","overlay-gradient":""},"tablet":{"background-color":"","background-image":"","background-repeat":"repeat","background-position":"center center","background-size":"auto","background-attachment":"scroll","background-type":"","background-media":"","overlay-type":"","overlay-color":"","overlay-opacity":"","overlay-gradient":""},"mobile":{"background-color":"","background-image":"","background-repeat":"repeat","background-position":"center center","background-size":"auto","background-attachment":"scroll","background-type":"","background-media":"","overlay-type":"","overlay-color":"","overlay-opacity":"","overlay-gradient":""}},"ast-content-background-meta":{"desktop":{"background-color":"var(--ast-global-color-4)","background-image":"","background-repeat":"repeat","background-position":"center center","background-size":"auto","background-attachment":"scroll","background-type":"","background-media":"","overlay-type":"","overlay-color":"","overlay-opacity":"","overlay-gradient":""},"tablet":{"background-color":"var(--ast-global-color-4)","background-image":"","background-repeat":"repeat","background-position":"center center","background-size":"auto","background-attachment":"scroll","background-type":"","background-media":"","overlay-type":"","overlay-color":"","overlay-opacity":"","overlay-gradient":""},"mobile":{"background-color":"var(--ast-global-color-4)","background-image":"","background-repeat":"repeat","background-position":"center center","background-size":"auto","background-attachment":"scroll","background-type":"","background-media":"","overlay-type":"","overlay-color":"","overlay-opacity":"","overlay-gradient":""}},"footnotes":""},"class_list":["post-1718","page","type-page","status-publish","hentry"],"_links":{"self":[{"href":"https:\/\/desenvolvimentosocial.rc.sp.gov.br\/index.php?rest_route=\/wp\/v2\/pages\/1718","targetHints":{"allow":["GET"]}}],"collection":[{"href":"https:\/\/desenvolvimentosocial.rc.sp.gov.br\/index.php?rest_route=\/wp\/v2\/pages"}],"about":[{"href":"https:\/\/desenvolvimentosocial.rc.sp.gov.br\/index.php?rest_route=\/wp\/v2\/types\/page"}],"author":[{"embeddable":true,"href":"https:\/\/desenvolvimentosocial.rc.sp.gov.br\/index.php?rest_route=\/wp\/v2\/users\/2"}],"replies":[{"embeddable":true,"href":"https:\/\/desenvolvimentosocial.rc.sp.gov.br\/index.php?rest_route=%2Fwp%2Fv2%2Fcomments&post=1718"}],"version-history":[{"count":3,"href":"https:\/\/desenvolvimentosocial.rc.sp.gov.br\/index.php?rest_route=\/wp\/v2\/pages\/1718\/revisions"}],"predecessor-version":[{"id":1836,"href":"https:\/\/desenvolvimentosocial.rc.sp.gov.br\/index.php?rest_route=\/wp\/v2\/pages\/1718\/revisions\/1836"}],"wp:attachment":[{"href":"https:\/\/desenvolvimentosocial.rc.sp.gov.br\/index.php?rest_route=%2Fwp%2Fv2%2Fmedia&parent=1718"}],"curies":[{"name":"wp","href":"https:\/\/api.w.org\/{rel}","templated":true}]}}