{"id":1774,"date":"2024-10-24T15:03:14","date_gmt":"2024-10-24T17:03:14","guid":{"rendered":"https:\/\/desenvolvimentosocial.rc.sp.gov.br\/?page_id=1774"},"modified":"2025-11-13T09:08:11","modified_gmt":"2025-11-13T12:08:11","slug":"educacao-permanente","status":"publish","type":"page","link":"https:\/\/desenvolvimentosocial.rc.sp.gov.br\/?page_id=1774","title":{"rendered":"Educa\u00e7\u00e3o Permanente"},"content":{"rendered":"\n<figure class=\"wp-block-image size-full\"><img loading=\"lazy\" decoding=\"async\" width=\"1024\" height=\"1024\" src=\"https:\/\/desenvolvimentosocial.rc.sp.gov.br\/wp-content\/uploads\/2025\/11\/logo-educacao-permanente.png\" alt=\"\" class=\"wp-image-4263\" srcset=\"https:\/\/desenvolvimentosocial.rc.sp.gov.br\/wp-content\/uploads\/2025\/11\/logo-educacao-permanente.png 1024w, https:\/\/desenvolvimentosocial.rc.sp.gov.br\/wp-content\/uploads\/2025\/11\/logo-educacao-permanente-300x300.png 300w, https:\/\/desenvolvimentosocial.rc.sp.gov.br\/wp-content\/uploads\/2025\/11\/logo-educacao-permanente-150x150.png 150w, https:\/\/desenvolvimentosocial.rc.sp.gov.br\/wp-content\/uploads\/2025\/11\/logo-educacao-permanente-768x768.png 768w\" sizes=\"auto, (max-width: 1024px) 100vw, 1024px\" \/><\/figure>\n\n\n\n<p>A Educa\u00e7\u00e3o Permanente dentro da Pol\u00edtica de Assist\u00eancia Social, tem como objetivo institucionalizar a perspectiva pol\u00edtico-pedag\u00f3gica e a cultura de uma educa\u00e7\u00e3o cont\u00ednua, estabelecendo e definindo os meios, mecanismos, instrumentos e arranjos institucionais necess\u00e1rios \u00e0 sua operacionaliza\u00e7\u00e3o e efetiva\u00e7\u00e3o.<br>Sendo assim, a Educa\u00e7\u00e3o Permanente no SUAS deve buscar n\u00e3o apenas desenvolver habilidades espec\u00edficas dos trabalhadores e\/ou instrumentais para uso cotidiano, mas problematizar os pressupostos e contextos dos processos de trabalho e das pr\u00e1ticas profissionais. \u00c9 essencial que nessa trajet\u00f3ria se estimule desenvolver a capacidade critica, autonomia, responsabiliza\u00e7\u00e3o das equipe de trabalho para a constru\u00e7\u00e3o de solu\u00e7\u00f5es compartilhadas e, de fato garantir efetividade, efic\u00e1cia e efici\u00eancia dos Servi\u00e7os ofertados.<\/p>\n\n\n\n<p><\/p>\n\n\n\n<p><strong>Dentre os objetivos espec\u00edficos na educa\u00e7\u00e3o permanente, temos:<\/strong><\/p>\n\n\n\n<p><\/p>\n\n\n\n<ul class=\"wp-block-list\">\n<li>Desenvolver junto aos trabalhadores e conselheiros condi\u00e7\u00f5es para que possam distinguir e fortalecer a centralidade dos direitos socioassistenciais do cidad\u00e3o no processo de gest\u00e3o e no desenvolvimento das aten\u00e7\u00f5es em benef\u00edcios e servi\u00e7os;<\/li>\n<\/ul>\n\n\n\n<ul class=\"wp-block-list\">\n<li>Desenvolver junto aos trabalhadores da Assist\u00eancia Social as compet\u00eancias e capacidades espec\u00edficas e compartilhadas requeridas para a melhoria e qualidade continuada da gest\u00e3o do SUAS e da oferta e provimento dos servi\u00e7os e benef\u00edcios socioassistenciais;<\/li>\n<\/ul>\n\n\n\n<ul class=\"wp-block-list\">\n<li>Desenvolver junto aos conselheiros da Assist\u00eancia Social as compet\u00eancias e capacidades requeridas para a melhoria cont\u00ednua da qualidade do controle social e da gest\u00e3o participativa do SUAS.<\/li>\n<\/ul>\n\n\n\n<ul class=\"wp-block-list\">\n<li>Instituir mecanismos institucionais que permitam descentralizar para estados, munic\u00edpios e Distrito Federal atribui\u00e7\u00f5es relacionadas ao planejamento, oferta e implementa\u00e7\u00e3o de a\u00e7\u00f5es de forma\u00e7\u00e3o e capacita\u00e7\u00e3o;<\/li>\n<\/ul>\n\n\n\n<ul class=\"wp-block-list\">\n<li>Instituir mecanismos institucionais que permitam a participa\u00e7\u00e3o dos trabalhadores e dos usu\u00e1rios do SUAS, dos conselheiros da Assist\u00eancia Social e das institui\u00e7\u00f5es de ensino, as quais formam a Rede Nacional de Capacita\u00e7\u00e3o e Educa\u00e7\u00e3o Permanente do SUAS, nos processos de formula\u00e7\u00e3o de diagn\u00f3sticos de necessidades, planejamento e implementa\u00e7\u00e3o das a\u00e7\u00f5es de forma\u00e7\u00e3o e capacita\u00e7\u00e3o;<\/li>\n<\/ul>\n\n\n\n<ul class=\"wp-block-list\">\n<li>Criar mecanismos que gerem aproxima\u00e7\u00f5es entre as manifesta\u00e7\u00f5es dos usu\u00e1rios e o conte\u00fado das a\u00e7\u00f5es de capacita\u00e7\u00e3o e forma\u00e7\u00e3o;<\/li>\n<\/ul>\n\n\n\n<ul class=\"wp-block-list\">\n<li>Ofertar aos trabalhadores Percursos Formativos e a\u00e7\u00f5es de forma\u00e7\u00e3o e capacita\u00e7\u00e3o adequados \u00e1s qualifica\u00e7\u00f5es profissionais requeridas pelo SUAS;<\/li>\n<\/ul>\n\n\n\n<ul class=\"wp-block-list\">\n<li>Ofertar aos conselheiros de Assist\u00eancia Social Percursos Formativos e a\u00e7\u00f5es de forma\u00e7\u00e3o e capacita\u00e7\u00e3o adequadas \u00e1s qualifica\u00e7\u00f5es requeridas ao exerc\u00edcio do controle social;<\/li>\n<\/ul>\n\n\n\n<ul class=\"wp-block-list\">\n<li>Criar meios e mecanismos de ensino e aprendizagem que permitam o aprendizado cont\u00ednuo e permanente dos trabalhadores do SUAS nos deferente contextos e por meio da experi\u00eancia no trabalho;<\/li>\n<\/ul>\n\n\n\n<ul class=\"wp-block-list\">\n<li>Criar meios e mecanismos institucionais que permitam articular o universo do ensino, da pesquisa e da extens\u00e3o ao universo da gest\u00e3o e do provimento dos servi\u00e7os e benef\u00edcios socioassistenciais, de forma a contribuir para o desenvolvimento das compet\u00eancias necess\u00e1rias \u00e0 cont\u00ednua e permanente melhoria da qualidade do SUAS.<\/li>\n<\/ul>\n\n\n\n<ul class=\"wp-block-list\">\n<li>Consolidar refer\u00eancias te\u00f3ricas, t\u00e9cnicas e \u00e9tico-pol\u00edticas na Assist\u00eancia Social a partir da aproxima\u00e7\u00e3o entre a gest\u00e3o do SUAS, o provimento dos servi\u00e7os e benef\u00edcios e institui\u00e7\u00f5es de ensino, pesquisa e extens\u00e3o, potencializa\u00e7\u00e3o a produ\u00e7\u00e3o e dissemina\u00e7\u00e3o de conhecimentos.<\/li>\n<\/ul>\n\n\n\n<p><\/p>\n\n\n\n<p><\/p>\n\n\n\n<h3 class=\"wp-block-heading\">A Educa\u00e7\u00e3o Permanente no SUAS:<\/h3>\n\n\n\n<ul class=\"wp-block-list\">\n<li>A Educa\u00e7\u00e3o Permanente \u00e9 fundamentada na qualidade dos servi\u00e7os, programas, projetos e benef\u00edcios sociassistenciais;<\/li>\n<\/ul>\n\n\n\n<ul class=\"wp-block-list\">\n<li>Realiza-se de forma sistem\u00e1tica e continuada; sustent\u00e1vel; participativa; nacionalizada; avaliada e monitorada;<\/li>\n<\/ul>\n\n\n\n<ul class=\"wp-block-list\">\n<li>Produz, sistematiza e dissemina conhecimentos, direcionados ao desenvolvimento de compet\u00eancias e capacidades t\u00e9cnicas e gerenciais, ao efetivo exerc\u00edcio do controle social e do protagonismo dos usu\u00e1rios.<\/li>\n<\/ul>\n\n\n\n<ul class=\"wp-block-list\">\n<li>Prima pelo investimento em m\u00faltiplas formas de capacita\u00e7\u00e3o e forma\u00e7\u00e3o, adotando instrumentos criativos e inovadores, adequando-os aos diferentes p\u00fablicos da Pol\u00edtica de Assist\u00eancia Social e garantindo a acessibilidade das pessoas com defici\u00eancia;<\/li>\n<\/ul>\n\n\n\n<ul class=\"wp-block-list\">\n<li>Respeita a diversidade e as especificidades territoriais na elabora\u00e7\u00e3o das a\u00e7\u00f5es de capacita\u00e7\u00e3o e forma\u00e7\u00e3o;<\/li>\n<\/ul>\n\n\n\n<ul class=\"wp-block-list\">\n<li>Prev\u00ea acompanhamento, monitoramento e avalia\u00e7\u00e3o da Educa\u00e7\u00e3o Permanente;<\/li>\n<\/ul>\n\n\n\n<ul class=\"wp-block-list\">\n<li>Integra e amplia os espa\u00e7os de debates entre as inst\u00e2ncias de gest\u00e3o, controle social, institui\u00e7\u00f5es educacionais e movimentos sociais.<\/li>\n<\/ul>\n\n\n\n<p><\/p>\n\n\n\n<p><\/p>\n\n\n\n<h4 class=\"wp-block-heading\">A pol\u00edtica Nacional de Educa\u00e7\u00e3o Permanente do Sistema \u00danico de Assist\u00eancia Social possui tr\u00eas princ\u00edpios que s\u00e3o inerentes \u00e0 sua concep\u00e7\u00e3o, sendo:<\/h4>\n\n\n\n<ul class=\"wp-block-list\">\n<li><strong>INTERDISCIPLINARIEDADE:<\/strong> reconhecer os diferentes e espec\u00edficos saberes que comp\u00f5e a mesma tem\u00e1tica;<\/li>\n<\/ul>\n\n\n\n<ul class=\"wp-block-list\">\n<li><strong>APRENDIZAGEM SIGNIFICATIVA:<\/strong> interioriza\u00e7\u00e3o de novos conhecimentos, habilidade e atitudes a partir da mobiliza\u00e7\u00e3o dos saberes e experi\u00eancias;<\/li>\n<\/ul>\n\n\n\n<ul class=\"wp-block-list\">\n<li><strong>HISTORICIDADE:<\/strong> problematizar as l\u00f3gicas de funcionamento, suas rela\u00e7\u00f5es e m\u00faltiplas determina\u00e7\u00f5es s\u00f3cio-hist\u00f3ricas presentes na realidade social.<\/li>\n<\/ul>\n\n\n\n<p><\/p>\n\n\n\n<p><\/p>\n\n\n\n<p>Diante disso, \u00e9 essencial refletir e elaborar o `Plano Municipal de Educa\u00e7\u00e3o Permanente com os trabalhadores e gestores, pois essa constru\u00e7\u00e3o materializa e, significa atentar-se aos ac\u00famulos, as experi\u00eancias, as viv\u00eancias e processos de quem planeja, constr\u00f3i e movimento a pol\u00edtica de assist\u00eancia social. \u00c9 a busca pelo reconhecimento da dimens\u00e3o pol\u00edtica da a\u00e7\u00e3o dos trabalhadores, de suas hist\u00f3rias, de suas pr\u00e1ticas no SUAS de resist\u00eancia e luta na pol\u00edtica p\u00fablica para efetiva\u00e7\u00e3o da prote\u00e7\u00e3o social.<\/p>\n","protected":false},"excerpt":{"rendered":"<p>A Educa\u00e7\u00e3o Permanente dentro da Pol\u00edtica de Assist\u00eancia Social, tem como objetivo institucionalizar a perspectiva pol\u00edtico-pedag\u00f3gica e a cultura de [&hellip;]<\/p>\n","protected":false},"author":2,"featured_media":0,"parent":0,"menu_order":0,"comment_status":"closed","ping_status":"closed","template":"","meta":{"site-sidebar-layout":"default","site-content-layout":"","ast-site-content-layout":"default","site-content-style":"default","site-sidebar-style":"default","ast-global-header-display":"","ast-banner-title-visibility":"","ast-main-header-display":"","ast-hfb-above-header-display":"","ast-hfb-below-header-display":"","ast-hfb-mobile-header-display":"","site-post-title":"","ast-breadcrumbs-content":"","ast-featured-img":"","footer-sml-layout":"","theme-transparent-header-meta":"","adv-header-id-meta":"","stick-header-meta":"","header-above-stick-meta":"","header-main-stick-meta":"","header-below-stick-meta":"","astra-migrate-meta-layouts":"default","ast-page-background-enabled":"default","ast-page-background-meta":{"desktop":{"background-color":"var(--ast-global-color-5)","background-image":"","background-repeat":"repeat","background-position":"center center","background-size":"auto","background-attachment":"scroll","background-type":"","background-media":"","overlay-type":"","overlay-color":"","overlay-opacity":"","overlay-gradient":""},"tablet":{"background-color":"","background-image":"","background-repeat":"repeat","background-position":"center center","background-size":"auto","background-attachment":"scroll","background-type":"","background-media":"","overlay-type":"","overlay-color":"","overlay-opacity":"","overlay-gradient":""},"mobile":{"background-color":"","background-image":"","background-repeat":"repeat","background-position":"center center","background-size":"auto","background-attachment":"scroll","background-type":"","background-media":"","overlay-type":"","overlay-color":"","overlay-opacity":"","overlay-gradient":""}},"ast-content-background-meta":{"desktop":{"background-color":"var(--ast-global-color-4)","background-image":"","background-repeat":"repeat","background-position":"center center","background-size":"auto","background-attachment":"scroll","background-type":"","background-media":"","overlay-type":"","overlay-color":"","overlay-opacity":"","overlay-gradient":""},"tablet":{"background-color":"var(--ast-global-color-4)","background-image":"","background-repeat":"repeat","background-position":"center center","background-size":"auto","background-attachment":"scroll","background-type":"","background-media":"","overlay-type":"","overlay-color":"","overlay-opacity":"","overlay-gradient":""},"mobile":{"background-color":"var(--ast-global-color-4)","background-image":"","background-repeat":"repeat","background-position":"center center","background-size":"auto","background-attachment":"scroll","background-type":"","background-media":"","overlay-type":"","overlay-color":"","overlay-opacity":"","overlay-gradient":""}},"footnotes":""},"class_list":["post-1774","page","type-page","status-publish","hentry"],"_links":{"self":[{"href":"https:\/\/desenvolvimentosocial.rc.sp.gov.br\/index.php?rest_route=\/wp\/v2\/pages\/1774","targetHints":{"allow":["GET"]}}],"collection":[{"href":"https:\/\/desenvolvimentosocial.rc.sp.gov.br\/index.php?rest_route=\/wp\/v2\/pages"}],"about":[{"href":"https:\/\/desenvolvimentosocial.rc.sp.gov.br\/index.php?rest_route=\/wp\/v2\/types\/page"}],"author":[{"embeddable":true,"href":"https:\/\/desenvolvimentosocial.rc.sp.gov.br\/index.php?rest_route=\/wp\/v2\/users\/2"}],"replies":[{"embeddable":true,"href":"https:\/\/desenvolvimentosocial.rc.sp.gov.br\/index.php?rest_route=%2Fwp%2Fv2%2Fcomments&post=1774"}],"version-history":[{"count":8,"href":"https:\/\/desenvolvimentosocial.rc.sp.gov.br\/index.php?rest_route=\/wp\/v2\/pages\/1774\/revisions"}],"predecessor-version":[{"id":4264,"href":"https:\/\/desenvolvimentosocial.rc.sp.gov.br\/index.php?rest_route=\/wp\/v2\/pages\/1774\/revisions\/4264"}],"wp:attachment":[{"href":"https:\/\/desenvolvimentosocial.rc.sp.gov.br\/index.php?rest_route=%2Fwp%2Fv2%2Fmedia&parent=1774"}],"curies":[{"name":"wp","href":"https:\/\/api.w.org\/{rel}","templated":true}]}}