{"id":452,"date":"2019-09-18T14:35:57","date_gmt":"2019-09-18T17:35:57","guid":{"rendered":"https:\/\/desenvolvimentosocial.rc.sp.gov.br\/?page_id=452"},"modified":"2023-10-24T08:22:01","modified_gmt":"2023-10-24T11:22:01","slug":"transparencia","status":"publish","type":"page","link":"https:\/\/desenvolvimentosocial.rc.sp.gov.br\/?page_id=452","title":{"rendered":"Transpar\u00eancia"},"content":{"rendered":"\n<div class=\"wp-block-themeisle-blocks-advanced-columns has-1-columns has-desktop-equal-layout has-tablet-equal-layout has-mobile-equal-layout has-default-gap has-vertical-unset\" id=\"wp-block-themeisle-blocks-advanced-columns-86cf7470\" style=\"border-width:0px;border-style:solid;border-color:#000000;border-radius:0px;justify-content:unset\"><div class=\"wp-themeisle-block-overlay\" style=\"opacity:0.5;mix-blend-mode:normal\"><\/div><div class=\"innerblocks-wrap\">\n<div class=\"wp-block-themeisle-blocks-advanced-column\" id=\"wp-block-themeisle-blocks-advanced-column-37a09fe8\" style=\"border-width:0px;border-style:solid;border-color:#000000;border-radius:0px\">\n<p><strong>Chamamento P\u00fablico 2023<\/strong><\/p>\n\n\n\n<p>01 &#8211; <a href=\"https:\/\/desenvolvimentosocial.rc.sp.gov.br\/wp-content\/uploads\/2023\/10\/Edital-Economia-Solidaria.pdf\" target=\"_blank\" rel=\"noreferrer noopener\" aria-label=\"Chamamento P\u00fablico SMDS N\u00ba 02\/2023 (Economia Solid\u00e1ria) (abre numa nova aba)\">Chamamento P\u00fablico SMDS N\u00ba 02\/2023 (Economia Solid\u00e1ria)<\/a><\/p>\n\n\n\n<p><strong>Chamamento P\u00fablico 2021<\/strong><\/p>\n\n\n\n<p><a rel=\"noreferrer noopener\" aria-label=\"Edital de Chamamento P\u00fablico n\u00b0 002\/2021 \u2013 01\/10\/2021 (abre numa nova aba)\" href=\"https:\/\/desenvolvimentosocial.rc.sp.gov.br\/wp-content\/uploads\/2021\/10\/01.-Edital-002.2021_Acolhimento-de-Idosos.pdf\" target=\"_blank\">01 &#8211; Edital de Chamamento P\u00fablico n\u00b0 002\/2021 \u2013 01\/10\/2021<\/a><\/p>\n\n\n\n<p><a rel=\"noreferrer noopener\" aria-label=\"Anexo I (abre numa nova aba)\" href=\"https:\/\/desenvolvimentosocial.rc.sp.gov.br\/wp-content\/uploads\/2021\/10\/02.-Anexo-I-Termo-de-Refer\u00eancia-Edital-002.2021.pdf\" target=\"_blank\">Anexo I<\/a>    <a rel=\"noreferrer noopener\" aria-label=\"Anexo II (abre numa nova aba)\" href=\"https:\/\/desenvolvimentosocial.rc.sp.gov.br\/wp-content\/uploads\/2021\/10\/03.-Anexo-II-Modelo-de-Plano-de-Trabalho.doc\" target=\"_blank\">Anexo II<\/a>    <a rel=\"noreferrer noopener\" aria-label=\"Anexo III (abre numa nova aba)\" href=\"https:\/\/desenvolvimentosocial.rc.sp.gov.br\/wp-content\/uploads\/2021\/10\/04.-Anexo-III-Modelo-de-cronograma-de-desembolso.xlsx\" target=\"_blank\">Anexo III<\/a>    <a rel=\"noreferrer noopener\" aria-label=\"Anexo IV (abre numa nova aba)\" href=\"https:\/\/desenvolvimentosocial.rc.sp.gov.br\/wp-content\/uploads\/2021\/10\/05.-Anexo-IV-Modelos-declaracao.doc\" target=\"_blank\">Anexo IV<\/a>    <a rel=\"noreferrer noopener\" aria-label=\"Anexo V (abre numa nova aba)\" href=\"ttps:\/\/desenvolvimentosocial.rc.sp.gov.br\/wp-content\/uploads\/2021\/10\/06.-Anexo-V-Termo-de-Colabora\u00e7\u00e3o.pdf\" target=\"_blank\">Anexo V<\/a>    <a rel=\"noreferrer noopener\" aria-label=\"Anexo VI (abre numa nova aba)\" href=\"https:\/\/desenvolvimentosocial.rc.sp.gov.br\/wp-content\/uploads\/2021\/10\/07.-Anexo-VI-Termo-de-ciencia-e-notifica\u00e7\u00e3o.doc\" target=\"_blank\">Anexo VI<\/a><\/p>\n\n\n\n<p><a rel=\"noreferrer noopener\" aria-label=\"Resultado Preliminar Chamamento P\u00fablico 002\/2021 (abre numa nova aba)\" href=\"https:\/\/desenvolvimentosocial.rc.sp.gov.br\/wp-content\/uploads\/2021\/11\/Resultado-Preliminar-Edital-002.pdf\" target=\"_blank\">Resultado Preliminar Chamamento P\u00fablico 002\/2021<\/a><\/p>\n\n\n\n<p><a rel=\"noreferrer noopener\" aria-label=\"Classifica\u00e7\u00e3o Final Edital 002 (abre numa nova aba)\" href=\"https:\/\/desenvolvimentosocial.rc.sp.gov.br\/wp-content\/uploads\/2021\/11\/09.-Classifica\u00e7\u00e3o-Final-Edital-002.pdf\" target=\"_blank\">Classifica\u00e7\u00e3o Final Edital 002<\/a><\/p>\n\n\n\n<p><a rel=\"noreferrer noopener\" aria-label=\"Resultado Fianl Edital 002 (abre numa nova aba)\" href=\"http:\/\/ https:\/\/desenvolvimentosocial.rc.sp.gov.br\/wp-content\/uploads\/2021\/11\/Edital-002_Resultado-final.pdf\" target=\"_blank\">R<\/a><a href=\"https:\/\/desenvolvimentosocial.rc.sp.gov.br\/wp-content\/uploads\/2021\/11\/Edital-002_Resultado-final.pdf\" target=\"_blank\" rel=\"noreferrer noopener\" aria-label=\"esultado Final Edital 002 (abre numa nova aba)\">esultado Final Edital 002<\/a><\/p>\n\n\n\n<p><a href=\"https:\/\/desenvolvimentosocial.rc.sp.gov.br\/wp-content\/uploads\/2021\/10\/01.-Edital-003.2021_Acolhimento-RI.pdf\" target=\"_blank\" rel=\"noreferrer noopener\" aria-label=\"02 - Edital de Chamamento P\u00fablico n\u00b0 003\/2021 \u2013 01\/10\/2021 (abre numa nova aba)\">02 &#8211; Edital de Chamamento P\u00fablico n\u00b0 003\/2021 \u2013 01\/10\/2021<\/a><\/p>\n\n\n\n<p><a rel=\"noreferrer noopener\" aria-label=\"Anexo I (abre numa nova aba)\" href=\"https:\/\/desenvolvimentosocial.rc.sp.gov.br\/wp-content\/uploads\/2021\/10\/02.-Anexo-I-Termo-de-Refer\u00eancia-Edital-003.2021.pdf\" target=\"_blank\">Anexo I<\/a>    <a rel=\"noreferrer noopener\" aria-label=\"Anexo II (abre numa nova aba)\" href=\"https:\/\/desenvolvimentosocial.rc.sp.gov.br\/wp-content\/uploads\/2021\/10\/03.-Anexo-II-Modelo-de-Plano-de-Trabalho-1.doc\" target=\"_blank\">Anexo II<\/a>    <a rel=\"noreferrer noopener\" aria-label=\"Anexo III (abre numa nova aba)\" href=\"https:\/\/desenvolvimentosocial.rc.sp.gov.br\/wp-content\/uploads\/2021\/10\/04.-Anexo-III-Modelo-de-cronograma-de-desembolso-1.xlsx\" target=\"_blank\">Anexo III<\/a>    <a rel=\"noreferrer noopener\" aria-label=\"Anexo IV  (abre numa nova aba)\" href=\"https:\/\/desenvolvimentosocial.rc.sp.gov.br\/wp-content\/uploads\/2021\/10\/05.-Anexo-IV-Modelos-declaracao-1.doc\" target=\"_blank\">Anexo IV <\/a>   <a rel=\"noreferrer noopener\" aria-label=\"Anexo V (abre numa nova aba)\" href=\"https:\/\/desenvolvimentosocial.rc.sp.gov.br\/wp-content\/uploads\/2021\/10\/06.-Anexo-V-Termo-de-Colabora\u00e7\u00e3o-1.pdf\" target=\"_blank\">Anexo V<\/a>    <a rel=\"noreferrer noopener\" aria-label=\"Anexo VI (abre numa nova aba)\" href=\"https:\/\/desenvolvimentosocial.rc.sp.gov.br\/wp-content\/uploads\/2021\/10\/07.-Anexo-VI-Termo-de-ciencia-e-notifica\u00e7\u00e3o-1.doc\" target=\"_blank\">Anexo VI<\/a><\/p>\n\n\n\n<p><a rel=\"noreferrer noopener\" aria-label=\"Resultado Preliminar Chamamento P\u00fablico 003\/2021 (abre numa nova aba)\" href=\"https:\/\/desenvolvimentosocial.rc.sp.gov.br\/wp-content\/uploads\/2021\/11\/Resultado-Preliminar-Edital-003.pdf\" target=\"_blank\">Resultado Preliminar Chamamento P\u00fablico 003\/2021<\/a><\/p>\n\n\n\n<p><a rel=\"noreferrer noopener\" aria-label=\"Classifica\u00e7\u00e3o Final Edital 003 (abre numa nova aba)\" href=\"https:\/\/desenvolvimentosocial.rc.sp.gov.br\/wp-content\/uploads\/2021\/11\/10.-Classifica\u00e7\u00e3o-Final-Edital-003.pdf\" target=\"_blank\">Classifica\u00e7\u00e3o Final Edital 003<\/a><\/p>\n\n\n\n<p><a href=\"https:\/\/desenvolvimentosocial.rc.sp.gov.br\/wp-content\/uploads\/2021\/11\/Edital-003_Resultado-Final.pdf\" target=\"_blank\" rel=\"noreferrer noopener\" aria-label=\"Resultado Final Edital 003 (abre numa nova aba)\">Resultado Final Edital 003<\/a><\/p>\n\n\n\n<p><a href=\"https:\/\/desenvolvimentosocial.rc.sp.gov.br\/wp-content\/uploads\/2021\/10\/01.-Edita-004.2021_-Media-Domicilio-do-Usu\u00e1rio.pdf\" target=\"_blank\" rel=\"noreferrer noopener\" aria-label=\"03 - Edital de Chamamento P\u00fablico n\u00b0 004\/2021 \u2013 01\/10\/2021 (abre numa nova aba)\">03 &#8211; Edital de Chamamento P\u00fablico n\u00b0 004\/2021 \u2013 01\/10\/2021<\/a><\/p>\n\n\n\n<p><a rel=\"noreferrer noopener\" aria-label=\"Anexo I (abre numa nova aba)\" href=\"https:\/\/desenvolvimentosocial.rc.sp.gov.br\/wp-content\/uploads\/2021\/10\/02.-Anexo-I-Termo-de-Refer\u00eancia-Edital-004.2021.pdf\" target=\"_blank\">Anexo I<\/a>    <a rel=\"noreferrer noopener\" aria-label=\"Anexo II (abre numa nova aba)\" href=\"https:\/\/desenvolvimentosocial.rc.sp.gov.br\/wp-content\/uploads\/2021\/10\/03.Anexo-II-Modelo-de-Plano-de-Trabalho.doc\" target=\"_blank\">Anexo II<\/a>    <a rel=\"noreferrer noopener\" aria-label=\"Anexo III (abre numa nova aba)\" href=\"https:\/\/desenvolvimentosocial.rc.sp.gov.br\/wp-content\/uploads\/2021\/10\/04.-Anexo-III-Modelo-de-cronograma-de-desembolso-2.xlsx\" target=\"_blank\">Anexo III<\/a>    <a rel=\"noreferrer noopener\" aria-label=\"Anexo IV (abre numa nova aba)\" href=\"https:\/\/desenvolvimentosocial.rc.sp.gov.br\/wp-content\/uploads\/2021\/10\/05.-Anexo-IV-Modelos-declara\u00e7\u00f5es.doc\" target=\"_blank\">Anexo IV<\/a>    <a rel=\"noreferrer noopener\" aria-label=\"Anexo V (abre numa nova aba)\" href=\"https:\/\/desenvolvimentosocial.rc.sp.gov.br\/wp-content\/uploads\/2021\/10\/06.-Anexo-V-Termo-de-Colabora\u00e7\u00e3o-2.pdf\" target=\"_blank\">Anexo V<\/a>    <a rel=\"noreferrer noopener\" aria-label=\"Anexo VI (abre numa nova aba)\" href=\"https:\/\/desenvolvimentosocial.rc.sp.gov.br\/wp-content\/uploads\/2021\/10\/07.-Anexo-VI-Termo-de-ciencia-e-notifica\u00e7\u00e3o-2.doc\" target=\"_blank\">Anexo VI<\/a><\/p>\n\n\n\n<p><a rel=\"noreferrer noopener\" aria-label=\"Resultado Preliminar Chamamento P\u00fablico 004\/2021 (abre numa nova aba)\" href=\"https:\/\/desenvolvimentosocial.rc.sp.gov.br\/wp-content\/uploads\/2021\/11\/Resultado-Preliminar-Edital-004.pdf\" target=\"_blank\">Resultado Preliminar Chamamento P\u00fablico 004\/2021<\/a><\/p>\n\n\n\n<p><a rel=\"noreferrer noopener\" aria-label=\"Classifica\u00e7\u00e3o Final Edital 004 (abre numa nova aba)\" href=\"https:\/\/desenvolvimentosocial.rc.sp.gov.br\/wp-content\/uploads\/2021\/11\/09.-Classifica\u00e7\u00e3o-Final-Edital-004.pdf\" target=\"_blank\">Classifica\u00e7\u00e3o Final Edital 004<\/a><\/p>\n\n\n\n<p><a href=\"https:\/\/desenvolvimentosocial.rc.sp.gov.br\/wp-content\/uploads\/2021\/11\/Edital-004_Resultado-Final.pdf\" target=\"_blank\" rel=\"noreferrer noopener\" aria-label=\"Resultado Final Edital 004 (abre numa nova aba)\">Resultado Final Edital 004<\/a><\/p>\n\n\n\n<p><a rel=\"noreferrer noopener\" href=\"https:\/\/desenvolvimentosocial.rc.sp.gov.br\/wp-content\/uploads\/2021\/10\/Errata-Anexo-I-Termo-de-Referencia.pdf\" target=\"_blank\">Errata &#8211; Anexo I &#8211; T\u00earmo de refer\u00eancia<\/a><\/p>\n\n\n\n<p><a href=\"https:\/\/desenvolvimentosocial.rc.sp.gov.br\/wp-content\/uploads\/2021\/10\/01.-Edital-005.2021_Garantia-de-Direitos.pdf\" target=\"_blank\" rel=\"noreferrer noopener\" aria-label=\"04 - Edital de Chamamento P\u00fablico n\u00b0 005\/2021 \u2013 01\/10\/2021 (abre numa nova aba)\">04 &#8211; Edital de Chamamento P\u00fablico n\u00b0 005\/2021 \u2013 01\/10\/2021<\/a><\/p>\n\n\n\n<p><a rel=\"noreferrer noopener\" aria-label=\"Anexo I (abre numa nova aba)\" href=\"https:\/\/desenvolvimentosocial.rc.sp.gov.br\/wp-content\/uploads\/2021\/10\/02.-Anexo-I-Termo-de-Refer\u00eancia-Edital-005.2021.pdf\" target=\"_blank\">Anexo I<\/a>    <a rel=\"noreferrer noopener\" aria-label=\"Anexo II (abre numa nova aba)\" href=\"https:\/\/desenvolvimentosocial.rc.sp.gov.br\/wp-content\/uploads\/2021\/10\/03.-Anexo-II-Modelo-de-Plano-de-Trabalho-2.doc\" target=\"_blank\">Anexo II<\/a>    <a rel=\"noreferrer noopener\" aria-label=\"Anexo III (abre numa nova aba)\" href=\"https:\/\/desenvolvimentosocial.rc.sp.gov.br\/wp-content\/uploads\/2021\/10\/04.-Anexo-III-Modelo-de-cronograma-de-desembolso-3.xlsx\" target=\"_blank\">Anexo III<\/a>    <a rel=\"noreferrer noopener\" aria-label=\"Anexo IV (abre numa nova aba)\" href=\"https:\/\/desenvolvimentosocial.rc.sp.gov.br\/wp-content\/uploads\/2021\/10\/05.-Anexo-IV-Modelos-declaracao-2.doc\" target=\"_blank\">Anexo IV<\/a>    <a rel=\"noreferrer noopener\" aria-label=\"Anexo V (abre numa nova aba)\" href=\"https:\/\/desenvolvimentosocial.rc.sp.gov.br\/wp-content\/uploads\/2021\/10\/06.-Anexo-V-Termo-de-Colabora\u00e7\u00e3o-3.pdf\" target=\"_blank\">Anexo V<\/a>    <a rel=\"noreferrer noopener\" aria-label=\"Anexo VI (abre numa nova aba)\" href=\"https:\/\/desenvolvimentosocial.rc.sp.gov.br\/wp-content\/uploads\/2021\/10\/07.-Anexo-VI-Termo-de-ciencia-e-notifica\u00e7\u00e3o-3.doc\" target=\"_blank\">Anexo VI<\/a><\/p>\n\n\n\n<p><a rel=\"noreferrer noopener\" aria-label=\"Resultado Preliminar Chamamento P\u00fablico 005\/2021 (abre numa nova aba)\" href=\"https:\/\/desenvolvimentosocial.rc.sp.gov.br\/wp-content\/uploads\/2021\/11\/Resultado-Preliminar-Edital-005.pdf\" target=\"_blank\">Resultado Preliminar Chamamento P\u00fablico 005\/2021<\/a><\/p>\n\n\n\n<p><a rel=\"noreferrer noopener\" aria-label=\"Classifica\u00e7\u00e3o Final Edital 005 (abre numa nova aba)\" href=\"https:\/\/desenvolvimentosocial.rc.sp.gov.br\/wp-content\/uploads\/2021\/11\/09.-Classifica\u00e7\u00e3o-Final-Edital-005.pdf\" target=\"_blank\">Classifica\u00e7\u00e3o Final Edital 005<\/a><\/p>\n\n\n\n<p><a href=\"https:\/\/desenvolvimentosocial.rc.sp.gov.br\/wp-content\/uploads\/2021\/11\/Edital-005_Resultado-FInal.pdf\" target=\"_blank\" rel=\"noreferrer noopener\" aria-label=\"Resultado Final Edital 005 (abre numa nova aba)\">Resultado Final Edital 005<\/a><\/p>\n\n\n\n<hr class=\"wp-block-separator\"\/>\n\n\n\n<p><strong><a href=\"https:\/\/desenvolvimentosocial.rc.sp.gov.br\/?page_id=1071\">Chamamento P\u00fablico 2020<\/a><\/strong><\/p>\n\n\n\n<p><strong>1.Edital de Chamamento P\u00fablico- Servico de Acolhimento Institucional para Crian\u00e7as e adolescentes Modalidade Casa Lar<\/strong><\/p>\n\n\n\n<p>A Secretaria Municipal de Desenvolvimento Social, \u00f3rg\u00e3o gestor da pol\u00edtica de assist\u00eancia social no Munic\u00edpio de Rio Claro, informa sobre a publica\u00e7\u00e3o do Edital de Chamamento P\u00fablico 001\/2019 para Servi\u00e7o de Acolhimento Institucional para Crian\u00e7as e Adolescentes &#8211; Modalidade Casa Lar &#8211;<a rel=\"noreferrer noopener\" aria-label=\" (abre numa nova aba)\" href=\"https:\/\/desenvolvimentosocial.rc.sp.gov.br\/wp-content\/uploads\/2019\/11\/EditalAltaAbrigamentoCca.pdf\" target=\"_blank\">Clique aqui<\/a><\/p>\n\n\n\n<p><a href=\"https:\/\/desenvolvimentosocial.rc.sp.gov.br\/?page_id=601\">01. Programas Complementares<\/a><br><a href=\"https:\/\/desenvolvimentosocial.rc.sp.gov.br\/?page_id=604\">02. Prote\u00e7\u00e3o Social B\u00e1sica<\/a><br><a href=\"https:\/\/desenvolvimentosocial.rc.sp.gov.br\/?page_id=606\">03. Prote\u00e7\u00e3o Social M\u00e9dia Complexidade<\/a><br><a href=\"https:\/\/desenvolvimentosocial.rc.sp.gov.br\/?page_id=608\">04. Prote\u00e7\u00e3o Social Especial Alta Complexidade<\/a><\/p>\n<\/div>\n<\/div><\/div>\n","protected":false},"excerpt":{"rendered":"","protected":false},"author":1,"featured_media":0,"parent":0,"menu_order":0,"comment_status":"closed","ping_status":"closed","template":"","meta":{"site-sidebar-layout":"default","site-content-layout":"","ast-site-content-layout":"default","site-content-style":"default","site-sidebar-style":"default","ast-global-header-display":"","ast-banner-title-visibility":"","ast-main-header-display":"","ast-hfb-above-header-display":"","ast-hfb-below-header-display":"","ast-hfb-mobile-header-display":"","site-post-title":"","ast-breadcrumbs-content":"","ast-featured-img":"","footer-sml-layout":"","theme-transparent-header-meta":"","adv-header-id-meta":"","stick-header-meta":"","header-above-stick-meta":"","header-main-stick-meta":"","header-below-stick-meta":"","astra-migrate-meta-layouts":"default","ast-page-background-enabled":"default","ast-page-background-meta":{"desktop":{"background-color":"var(--ast-global-color-5)","background-image":"","background-repeat":"repeat","background-position":"center center","background-size":"auto","background-attachment":"scroll","background-type":"","background-media":"","overlay-type":"","overlay-color":"","overlay-opacity":"","overlay-gradient":""},"tablet":{"background-color":"","background-image":"","background-repeat":"repeat","background-position":"center center","background-size":"auto","background-attachment":"scroll","background-type":"","background-media":"","overlay-type":"","overlay-color":"","overlay-opacity":"","overlay-gradient":""},"mobile":{"background-color":"","background-image":"","background-repeat":"repeat","background-position":"center center","background-size":"auto","background-attachment":"scroll","background-type":"","background-media":"","overlay-type":"","overlay-color":"","overlay-opacity":"","overlay-gradient":""}},"ast-content-background-meta":{"desktop":{"background-color":"var(--ast-global-color-4)","background-image":"","background-repeat":"repeat","background-position":"center center","background-size":"auto","background-attachment":"scroll","background-type":"","background-media":"","overlay-type":"","overlay-color":"","overlay-opacity":"","overlay-gradient":""},"tablet":{"background-color":"var(--ast-global-color-4)","background-image":"","background-repeat":"repeat","background-position":"center center","background-size":"auto","background-attachment":"scroll","background-type":"","background-media":"","overlay-type":"","overlay-color":"","overlay-opacity":"","overlay-gradient":""},"mobile":{"background-color":"var(--ast-global-color-4)","background-image":"","background-repeat":"repeat","background-position":"center center","background-size":"auto","background-attachment":"scroll","background-type":"","background-media":"","overlay-type":"","overlay-color":"","overlay-opacity":"","overlay-gradient":""}},"footnotes":""},"class_list":["post-452","page","type-page","status-publish","hentry"],"_links":{"self":[{"href":"https:\/\/desenvolvimentosocial.rc.sp.gov.br\/index.php?rest_route=\/wp\/v2\/pages\/452","targetHints":{"allow":["GET"]}}],"collection":[{"href":"https:\/\/desenvolvimentosocial.rc.sp.gov.br\/index.php?rest_route=\/wp\/v2\/pages"}],"about":[{"href":"https:\/\/desenvolvimentosocial.rc.sp.gov.br\/index.php?rest_route=\/wp\/v2\/types\/page"}],"author":[{"embeddable":true,"href":"https:\/\/desenvolvimentosocial.rc.sp.gov.br\/index.php?rest_route=\/wp\/v2\/users\/1"}],"replies":[{"embeddable":true,"href":"https:\/\/desenvolvimentosocial.rc.sp.gov.br\/index.php?rest_route=%2Fwp%2Fv2%2Fcomments&post=452"}],"version-history":[{"count":42,"href":"https:\/\/desenvolvimentosocial.rc.sp.gov.br\/index.php?rest_route=\/wp\/v2\/pages\/452\/revisions"}],"predecessor-version":[{"id":1530,"href":"https:\/\/desenvolvimentosocial.rc.sp.gov.br\/index.php?rest_route=\/wp\/v2\/pages\/452\/revisions\/1530"}],"wp:attachment":[{"href":"https:\/\/desenvolvimentosocial.rc.sp.gov.br\/index.php?rest_route=%2Fwp%2Fv2%2Fmedia&parent=452"}],"curies":[{"name":"wp","href":"https:\/\/api.w.org\/{rel}","templated":true}]}}